{"id":33,"date":"2011-06-13T08:08:02","date_gmt":"2011-06-13T08:08:02","guid":{"rendered":"http:\/\/legamus.wordpress.com\/?page_id=2"},"modified":"2015-03-09T16:00:39","modified_gmt":"2015-03-09T15:00:39","slug":"about","status":"publish","type":"page","link":"https:\/\/legamus.eu\/blog\/?page_id=33","title":{"rendered":"About"},"content":{"rendered":"<p><strong><a href=\"#2\">English<\/a> * <a href=\"#3\">Fran\u00e7ais<\/a> * <a href=\"#4\">Italiano<\/a> * <a href=\"#5\">Polski<\/a> * <a href=\"#1\">Deutsch<\/a><\/strong><\/p>\n<p><a name=\"1\"><\/a><\/p>\n<h2><strong>Deutsch<\/strong><\/h2>\n<p>Legamus!<em> (lat. = lasst uns vorlesen!)<\/em> macht freie und kostenlose H\u00f6rb\u00fccher von\u00a0 Texten, die in Europa gemeinfrei sind. Ein Text wird gemeinfrei, wenn das Urheberrecht (Copyright) erlischt, in Europa und <a href=\"https:\/\/en.wikipedia.org\/wiki\/List_of_countries%27_copyright_length\" target=\"blank\">vielen anderen L\u00e4ndern<\/a> 70 Jahre nach dem Tod des Autors.<\/p>\n<p>Die Vorleser von Legamus sind Amateure, auch du kannst mitmachen. Du brauchst dazu nur deinen Computer, eine Internetverbindungen, ein Mikrofon und <a href=\"http:\/\/audacity.sourceforge.net\/?lang=de\" target=\"blank\">kostenlose Aufnahmesoftware<\/a>. Weitere Informationen findest du in unserem <a href=\"https:\/\/legamus.eu\/forum\/index.php\" target=\"blank\">Forum<\/a>.<\/p>\n<p>Legamus macht nur Aufnahmen von Texten, die ab 1923 erschienen sind. Texte von vor 1923 sind auch in den USA in der Public Comain (copyrightfrei). Diese Texte werden bei <a href=\"http:\/\/librivox.org\/\" target=\"blank\">LibriVox.org<\/a> vorgelesen und k\u00f6nnen dort <a href=\"https:\/\/catalog.librivox.org\/\" target=\"blank\">heruntergeladen<\/a> werden. <strong>Hinweis:<\/strong> Die Texte von LibriVox aufnahmen sind copyrightfrei in der Vereinigten Staaten, k\u00f6nnen in anderen L\u00e4ndern aber noch urheberrechtlich gesch\u00fctzt sein.<br \/>\n<a name=\"2\"><\/a><\/p>\n<h2><strong>English<\/strong><\/h2>\n<p>Legamus! <em>(Latin: let&#8217;s read together!)<\/em> makes free audio books from texts that are in the Public Domain in Europe. In this context, Public Domain means that copyright has expired on the original text. In Europe and <a href=\"https:\/\/en.wikipedia.org\/wiki\/List_of_countries%27_copyright_length\" target=\"blank\">many other parts of the world<\/a>, copyright protection expires 70 years after the author&#8217;s death.<\/p>\n<p>Legamus readers are all volunteers, and you can volunteer too! All you need is a computer, an internet connection, a microphone and some <a href=\"http:\/\/audacity.sourceforge.net\/?lang=en\" target=\"blank\">free software<\/a>. You can find more information in our <a href=\"https:\/\/legamus.eu\/forum\/index.php\" target=\"blank\">forums<\/a>.<\/p>\n<p>Legamus only records texts that were published in or after 1923. These texts are still protected by copyright in the USA. Texts published before this date are in the Public Domain in the USA and are recorded by <a href=\"http:\/\/librivox.org\/\" target=\"blank\">LibriVox.org<\/a>. You can download them from the <a href=\"https:\/\/catalog.librivox.org\/\" target=\"blank\">LibriVox catalogue<\/a>. <strong>Please note<\/strong> that\u00a0 all LibriVox recordings are in the Public Domain in the USA, but may still be protected by copyright in other countries.<br \/>\n<a name=\"3\"><\/a><\/p>\n<h2><strong>Fran\u00e7ais<\/strong><\/h2>\n<p>Legamus! <em>(du latin: lisons ensemble)<\/em> produit des livres lus libres et gratuits \u00e0 partir de textes qui sont tomb\u00e9s dans le domaine public en Europe. Dans ce cadre pr\u00e9cis, domaine public signifie que les droits d&#8217;auteur du texte original ont expir\u00e9s. En Europe et <a href=\"https:\/\/en.wikipedia.org\/wiki\/List_of_countries%27_copyright_length\" target=\"blank\">de nombreux autres pays<\/a>, les droits d&#8217;auteur expirent 70 ans apr\u00e8s la mort de l&#8217;auteur.<\/p>\n<p>Tous les lecteurs de Legamus sont b\u00e9n\u00e9voles, et vous aussi pouvez participer! Il vous faut seulement un ordinateur, une connexion internet, un microphone et quelques <a href=\"http:\/\/audacity.sourceforge.net\/?lang=de\" target=\"blank\">programmes gratuits<\/a>. Pour plus d&#8217;informations, rendez-vous sur notre <a href=\"https:\/\/legamus.eu\/forum\/index.php\" target=\"blank\">forum<\/a>.<\/p>\n<p>Legamus enregistre uniquement des textes publi\u00e9s en 1923 ou plus tard. Ces textes sont toujours prot\u00e9g\u00e9s par les droits d&#8217;auteur aux \u00c9tats-Unis. Les textes publi\u00e9s ant\u00e9rieurement \u00e0 cette date sont dans le domaine public aux \u00c9tats-Unis et sont enregistr\u00e9s par les b\u00e9n\u00e9voles de <a href=\"http:\/\/librivox.org\/\" target=\"blank\">LibriVox.org<\/a>. Vous pouvez les t\u00e9l\u00e9charger \u00e0 partir du <a href=\"https:\/\/catalog.librivox.org\/\" target=\"blank\">catalogue de LibriVox <\/a>. <strong>Veuillez garder \u00e0 l&#8217;esprit<\/strong> que bien que les enregistrements de LibriVox soient dans le domaine public aux \u00c9tats-Unis, il est possible que les droits d&#8217;auteur dans d&#8217;autres pays soient toujours en vigueur.<br \/>\n<a name=\"4\"><\/a><\/p>\n<h2><strong>Italiano<\/strong><\/h2>\n<p>Legamus! (<em>latino: leggiamo insieme<\/em>) produce audiolibri gratuiti a partire da libri che sono di Dominio Pubblico in Europa. In questo contesto, Dominio Pubblico significa che i diritti d&#8217;autore sul testo originale sono scaduti. In Europa, come in <a href=\"https:\/\/en.wikipedia.org\/wiki\/List_of_countries%27_copyright_length\">molte altre parti del mondo<\/a>, i diritti d&#8217;autore cessano dopo settant&#8217;anni dalla morte dell&#8217;autore.<\/p>\n<p>I lettori di Legamus sono tutti volontari e anche tu puoi diventarne uno! Tutto ci\u00f2 di cui hai bisogno \u00e8 un computer, una connessione ad Internet, un microfono e del <a href=\"http:\/\/audacity.sourceforge.net\/?lang=it\">software gratuito<\/a>. Puoi trovare maggiori informazioni nel nostro <a href=\"https:\/\/legamus.eu\/forum\/index.php\">forum<\/a>.<\/p>\n<p>Legamus registra solamente testi pubblicati dal 1923 in poi, i quali sono ancora protetti da diritti d&#8217;autore negli Stati Uniti. I testi pubblicati precedentemente tale data sono di Dominio Pubblico negli USA e sono registrati da LibriVox.org. Essi possono essere scaricati direttamente dal <a href=\"https:\/\/catalog.librivox.org\/\">catalogo di LibriVox<\/a>. <strong>Attenzione<\/strong>: tutte le registrazioni LibriVox sono di Dominio Pubblico negli Stati Uniti, ma potrebbero essere ancora protette da diritti d&#8217;autore in altri stati.<br \/>\n<a name=\"5\"><\/a><br \/>\n<strong>Polski<\/strong><\/p>\n<p>Legamus (po \u0142acinie: \u201cczytajmy razem!\u201d) zajmuje si\u0119 nagrywaniem darmowych ksi\u0105\u017cek m\u00f3wionych (audiobook\u00f3w) na podstawie tekst\u00f3w, kt\u00f3re przesz\u0142y do domeny publicznej na terenie Europy. Przej\u015bcie do domeny publicznej oznacza \u017ce prawa autorskie do oryginalnego tekstu wygas\u0142y. W Europie <a href=\"https:\/\/en.wikipedia.org\/wiki\/List_of_countries%27_copyright_length\">i wielu innych cz\u0119\u015bciach \u015bwiata<\/a> okres ochrony prawnej wynikaj\u0105cej z praw autorskich wygasa 70 lat po \u015bmierci autora.<\/p>\n<p>Wszyscy narratorzy na Legamus.eu to wolontariusze- Ty tak\u017ce mo\u017cesz si\u0119 przy\u0142\u0105czy\u0107! Wszystko czego potrzebujesz, to komputer, mikrofon i <a href=\"http:\/\/audacity.sourceforge.net\/?lang=de\">darmowe oprogramowanie<\/a>. Wi\u0119cej informacji znajdziesz na naszym <a href=\"https:\/\/legamus.eu\/forum\/index.php\">forum<\/a>.<\/p>\n<p>Legamus nagrywa wy\u0142\u0105cznie teksty opublikowane w 1923 roku albo p\u00f3\u017aniej. S\u0105 one wci\u0105\u017c obj\u0119te ochron\u0105 prawn\u0105 na terenie USA. Teksty opublikowane przed 1923 rokiem znajduj\u0105 si\u0119 w domenie publicznej na terenie Stan\u00f3w Zjednoczonych i s\u0105 nagrywane przez narrator\u00f3w na stronie <a href=\"http:\/\/librivox.org\/\">LibriVox<\/a>. Mo\u017cna je pobra\u0107 z <a href=\"https:\/\/catalog.librivox.org\/\">katalogu LibriVox<\/a>. <strong>Wa\u017cne:<\/strong> teksty nagrywane na LibriVox znajduj\u0105 si\u0119 w domenie publicznej w USA, jednak mog\u0105 by\u0107 wci\u0105\u017c obj\u0119te prawn\u0105 ochron\u0105 w innych krajach.<\/p>\n<h2><strong>Nederlands<\/strong><\/h2>\n<p>coming soon &#8230;<\/p>\n","protected":false},"excerpt":{"rendered":"<p>English * Fran\u00e7ais * Italiano * Polski * Deutsch Deutsch Legamus! (lat. = lasst uns vorlesen!) macht freie und kostenlose H\u00f6rb\u00fccher von\u00a0 Texten, die in Europa gemeinfrei sind. Ein Text wird gemeinfrei, wenn das Urheberrecht (Copyright) erlischt, in Europa und &hellip; <a href=\"https:\/\/legamus.eu\/blog\/?page_id=33\">Continue reading <span class=\"meta-nav\">&rarr;<\/span><\/a><\/p>\n","protected":false},"author":1,"featured_media":0,"parent":0,"menu_order":0,"comment_status":"closed","ping_status":"open","template":"","meta":{"footnotes":""},"class_list":["post-33","page","type-page","status-publish","hentry"],"_links":{"self":[{"href":"https:\/\/legamus.eu\/blog\/index.php?rest_route=\/wp\/v2\/pages\/33","targetHints":{"allow":["GET"]}}],"collection":[{"href":"https:\/\/legamus.eu\/blog\/index.php?rest_route=\/wp\/v2\/pages"}],"about":[{"href":"https:\/\/legamus.eu\/blog\/index.php?rest_route=\/wp\/v2\/types\/page"}],"author":[{"embeddable":true,"href":"https:\/\/legamus.eu\/blog\/index.php?rest_route=\/wp\/v2\/users\/1"}],"replies":[{"embeddable":true,"href":"https:\/\/legamus.eu\/blog\/index.php?rest_route=%2Fwp%2Fv2%2Fcomments&post=33"}],"version-history":[{"count":8,"href":"https:\/\/legamus.eu\/blog\/index.php?rest_route=\/wp\/v2\/pages\/33\/revisions"}],"predecessor-version":[{"id":727,"href":"https:\/\/legamus.eu\/blog\/index.php?rest_route=\/wp\/v2\/pages\/33\/revisions\/727"}],"wp:attachment":[{"href":"https:\/\/legamus.eu\/blog\/index.php?rest_route=%2Fwp%2Fv2%2Fmedia&parent=33"}],"curies":[{"name":"wp","href":"https:\/\/api.w.org\/{rel}","templated":true}]}}